{"id":1185,"date":"2024-10-01T10:10:17","date_gmt":"2024-10-01T13:10:17","guid":{"rendered":"https:\/\/vinosycosas.com\/?page_id=1185"},"modified":"2026-04-01T11:40:09","modified_gmt":"2026-04-01T14:40:09","slug":"cuotas-2","status":"publish","type":"page","link":"https:\/\/vinosycosas.com\/index.php\/cuotas-2\/","title":{"rendered":"Cuotas"},"content":{"rendered":"<figure class=\"wp-block-image alignfull size-full\"><img loading=\"lazy\" decoding=\"async\" width=\"1000\" height=\"304\" src=\"http:\/\/vinosycosas.com\/wp-content\/uploads\/2024\/09\/Cuotas.png\" alt=\"\" class=\"wp-image-1172\" srcset=\"https:\/\/vinosycosas.com\/wp-content\/uploads\/2024\/09\/Cuotas.png 1000w, https:\/\/vinosycosas.com\/wp-content\/uploads\/2024\/09\/Cuotas-300x91.png 300w, https:\/\/vinosycosas.com\/wp-content\/uploads\/2024\/09\/Cuotas-768x233.png 768w, https:\/\/vinosycosas.com\/wp-content\/uploads\/2024\/09\/Cuotas-600x182.png 600w\" sizes=\"(max-width: 1000px) 100vw, 1000px\" \/><\/figure><div class=\"wp-block-stackable-heading alignfull stk-block-heading stk-block-heading--v2 stk-block stk-772324a\" id=\"span-style-color-var-theme-palette-color-2-71363-e-class-stk-highlight-abril-2026-span\" data-block-id=\"772324a\"><h2 class=\"stk-block-heading__text has-text-align-center\"><span style=\"color: var(--theme-palette-color-2, #71363e);\" class=\"stk-highlight\">ABRIL 2026<\/span><\/h2><\/div><div class=\"wp-block-stackable-spacer alignfull stk-block-spacer stk--no-padding stk-block stk-afe886b\" data-block-id=\"afe886b\"><style>.stk-afe886b {height:0px !important;}<\/style><\/div><div style=\"background-color: #cc9d32; height: 50px;     \"  class=\"alignfull size-full\" ><\/div><figure class=\"wp-block-table alignfull\"><table class=\"has-fixed-layout\"><tbody><tr><td class=\"has-text-align-left\" data-align=\"left\"><strong><span style=\"color: #000000;\" class=\"stk-highlight\">B\u00c1SICA<\/span><\/strong><\/td><td class=\"has-text-align-center\" data-align=\"center\"><\/td><\/tr><tr><td class=\"has-text-align-left\" data-align=\"left\">1 ESTE OESTE<\/td><td class=\"has-text-align-center\" data-align=\"center\"><strong>$ 15.000<\/strong><\/td><\/tr><tr><td class=\"has-text-align-left\" data-align=\"left\">1 FAMILIA GASC\u00d3N ROBLE<\/td><td class=\"has-text-align-center\" data-align=\"center\"><\/td><\/tr><tr><td class=\"has-text-align-left\" data-align=\"left\"><\/td><td class=\"has-text-align-center\" data-align=\"center\"><\/td><\/tr><tr><td class=\"has-text-align-left\" data-align=\"left\"><strong><span style=\"color: #000000;\" class=\"stk-highlight\">PREMIUM I<\/span><\/strong><\/td><td class=\"has-text-align-center\" data-align=\"center\"><\/td><\/tr><tr><td class=\"has-text-align-left\" data-align=\"left\">1 S\u00c9PTIMA EMBLEMA<\/td><td class=\"has-text-align-center\" data-align=\"center\"><\/td><\/tr><tr><td class=\"has-text-align-left\" data-align=\"left\">1 SANTA FLORENTINA<\/td><td class=\"has-text-align-center\" data-align=\"center\"><strong>$ 22.000<\/strong><\/td><\/tr><tr><td class=\"has-text-align-left\" data-align=\"left\">1 TRIVENTO RED BLEND<\/td><td class=\"has-text-align-center\" data-align=\"center\"><\/td><\/tr><tr><td class=\"has-text-align-left\" data-align=\"left\"><\/td><td class=\"has-text-align-center\" data-align=\"center\"><\/td><\/tr><tr><td class=\"has-text-align-left\" data-align=\"left\"><strong><span style=\"color: #000000;\" class=\"stk-highlight\">PREMIUM II<\/span><\/strong><\/td><td class=\"has-text-align-center\" data-align=\"center\"><\/td><\/tr><tr><td class=\"has-text-align-left\" data-align=\"left\">1 COQUENA<\/td><td class=\"has-text-align-center\" data-align=\"center\"><\/td><\/tr><tr><td class=\"has-text-align-left\" data-align=\"left\">1 FINCA LAS NUBES BLEND<\/td><td class=\"has-text-align-center\" data-align=\"center\"><strong>$ 27.000<\/strong><\/td><\/tr><tr><td class=\"has-text-align-left\" data-align=\"left\">1 TRIVENTO RED BLEND<\/td><td class=\"has-text-align-center\" data-align=\"center\"><\/td><\/tr><tr><td class=\"has-text-align-left\" data-align=\"left\"><\/td><td class=\"has-text-align-center\" data-align=\"center\"><\/td><\/tr><tr><td class=\"has-text-align-left\" data-align=\"left\"><strong><span style=\"color: #000000;\" class=\"stk-highlight\">PREMIUM III<\/span><\/strong><\/td><td class=\"has-text-align-center\" data-align=\"center\"><\/td><\/tr><tr><td class=\"has-text-align-left\" data-align=\"left\">1 COQUENA<\/td><td class=\"has-text-align-center\" data-align=\"center\"><\/td><\/tr><tr><td class=\"has-text-align-left\" data-align=\"left\">1 RICARDO SANTOS<\/td><td class=\"has-text-align-center\" data-align=\"center\"><strong>$ 34.000<\/strong><\/td><\/tr><tr><td class=\"has-text-align-left\" data-align=\"left\">1 TUKMA<\/td><td class=\"has-text-align-center\" data-align=\"center\"><\/td><\/tr><tr><td class=\"has-text-align-left\" data-align=\"left\"><\/td><td class=\"has-text-align-center\" data-align=\"center\"><\/td><\/tr><tr><td class=\"has-text-align-left\" data-align=\"left\"><strong><span style=\"color: #000000;\" class=\"stk-highlight\">PREMIUM IV<\/span><\/strong><\/td><td class=\"has-text-align-center\" data-align=\"center\"><\/td><\/tr><tr><td class=\"has-text-align-left\" data-align=\"left\">1 SAN PEDRO DE YACOCHUYA<\/td><td class=\"has-text-align-center\" data-align=\"center\"><\/td><\/tr><tr><td class=\"has-text-align-left\" data-align=\"left\">1 TRAPICHE MEDALLA<\/td><td class=\"has-text-align-center\" data-align=\"center\"><strong>$59.000<\/strong><\/td><\/tr><tr><td class=\"has-text-align-left\" data-align=\"left\">1 GAUCHEZCO RESERVA<\/td><td class=\"has-text-align-center\" data-align=\"center\"><\/td><\/tr><tr><td class=\"has-text-align-left\" data-align=\"left\"><\/td><td class=\"has-text-align-center\" data-align=\"center\"><\/td><\/tr><tr><td class=\"has-text-align-left\" data-align=\"left\"><\/td><td class=\"has-text-align-center\" data-align=\"center\"><\/td><\/tr><\/tbody><\/table><\/figure><div style=\"background-color: #cc9d32; height: 50px;     \"  class=\"alignfull size-full\" ><\/div><p><\/p>","protected":false},"excerpt":{"rendered":"<p>ABRIL 2026 B\u00c1SICA 1 ESTE OESTE $ 15.000 1 FAMILIA GASC\u00d3N ROBLE PREMIUM I 1 S\u00c9PTIMA EMBLEMA 1 SANTA FLORENTINA $ 22.000 1 TRIVENTO RED BLEND PREMIUM II 1 COQUENA 1 FINCA LAS NUBES BLEND $ 27.000 1 TRIVENTO RED BLEND PREMIUM III 1 COQUENA 1 RICARDO SANTOS $ 34.000 1 TUKMA PREMIUM IV 1 [&hellip;]<\/p>\n","protected":false},"author":9,"featured_media":0,"parent":0,"menu_order":0,"comment_status":"closed","ping_status":"closed","template":"","meta":{"footnotes":""},"class_list":["post-1185","page","type-page","status-publish","hentry"],"blocksy_meta":[],"_links":{"self":[{"href":"https:\/\/vinosycosas.com\/index.php\/wp-json\/wp\/v2\/pages\/1185"}],"collection":[{"href":"https:\/\/vinosycosas.com\/index.php\/wp-json\/wp\/v2\/pages"}],"about":[{"href":"https:\/\/vinosycosas.com\/index.php\/wp-json\/wp\/v2\/types\/page"}],"author":[{"embeddable":true,"href":"https:\/\/vinosycosas.com\/index.php\/wp-json\/wp\/v2\/users\/9"}],"replies":[{"embeddable":true,"href":"https:\/\/vinosycosas.com\/index.php\/wp-json\/wp\/v2\/comments?post=1185"}],"version-history":[{"count":30,"href":"https:\/\/vinosycosas.com\/index.php\/wp-json\/wp\/v2\/pages\/1185\/revisions"}],"predecessor-version":[{"id":1534,"href":"https:\/\/vinosycosas.com\/index.php\/wp-json\/wp\/v2\/pages\/1185\/revisions\/1534"}],"wp:attachment":[{"href":"https:\/\/vinosycosas.com\/index.php\/wp-json\/wp\/v2\/media?parent=1185"}],"curies":[{"name":"wp","href":"https:\/\/api.w.org\/{rel}","templated":true}]}}