{"id":1115,"date":"2024-09-05T10:15:09","date_gmt":"2024-09-05T13:15:09","guid":{"rendered":"https:\/\/vinosycosas.com\/?post_type=product&#038;p=1115"},"modified":"2025-08-14T10:30:07","modified_gmt":"2025-08-14T13:30:07","slug":"jean-rivier-bag-in-box","status":"publish","type":"product","link":"https:\/\/vinosycosas.com\/index.php\/product\/jean-rivier-bag-in-box\/","title":{"rendered":"Jean Rivier Bag in Box"},"content":{"rendered":"<h4>BAG IN BOX<\/h4>\n<p>Este envase denominado BAG IN BOX consta de una caja que contiene una bolsa con dosificador. La bolsa posee barreras contra el ox\u00edgeno y contiene el vino al vac\u00edo, logrando &#8211; al estar en ausencia de aire &#8211; conservar sus propiedades organol\u00e9pticas inalteradas, garantizando la calidad del producto hasta la \u00faltima copa.<\/p>\n","protected":false},"excerpt":{"rendered":"<p>BAG IN BOX Este envase denominado BAG IN BOX consta de una caja que contiene una bolsa con dosificador. La bolsa posee barreras contra el ox\u00edgeno y contiene el vino al vac\u00edo, logrando &#8211; al estar en ausencia de aire &#8211; conservar sus propiedades organol\u00e9pticas inalteradas, garantizando la calidad del producto hasta la \u00faltima copa.<\/p>\n","protected":false},"featured_media":1119,"comment_status":"open","ping_status":"closed","template":"","meta":[],"product_brand":[],"product_cat":[24],"product_tag":[],"class_list":{"0":"post-1115","1":"product","2":"type-product","3":"status-publish","4":"has-post-thumbnail","6":"product_cat-vinos","8":"first","9":"outofstock","10":"shipping-taxable","11":"purchasable","12":"product-type-variable"},"_links":{"self":[{"href":"https:\/\/vinosycosas.com\/index.php\/wp-json\/wp\/v2\/product\/1115"}],"collection":[{"href":"https:\/\/vinosycosas.com\/index.php\/wp-json\/wp\/v2\/product"}],"about":[{"href":"https:\/\/vinosycosas.com\/index.php\/wp-json\/wp\/v2\/types\/product"}],"replies":[{"embeddable":true,"href":"https:\/\/vinosycosas.com\/index.php\/wp-json\/wp\/v2\/comments?post=1115"}],"wp:featuredmedia":[{"embeddable":true,"href":"https:\/\/vinosycosas.com\/index.php\/wp-json\/wp\/v2\/media\/1119"}],"wp:attachment":[{"href":"https:\/\/vinosycosas.com\/index.php\/wp-json\/wp\/v2\/media?parent=1115"}],"wp:term":[{"taxonomy":"product_brand","embeddable":true,"href":"https:\/\/vinosycosas.com\/index.php\/wp-json\/wp\/v2\/product_brand?post=1115"},{"taxonomy":"product_cat","embeddable":true,"href":"https:\/\/vinosycosas.com\/index.php\/wp-json\/wp\/v2\/product_cat?post=1115"},{"taxonomy":"product_tag","embeddable":true,"href":"https:\/\/vinosycosas.com\/index.php\/wp-json\/wp\/v2\/product_tag?post=1115"}],"curies":[{"name":"wp","href":"https:\/\/api.w.org\/{rel}","templated":true}]}}