{"id":1122,"date":"2024-09-05T10:22:15","date_gmt":"2024-09-05T13:22:15","guid":{"rendered":"https:\/\/vinosycosas.com\/?post_type=product&#038;p=1122"},"modified":"2025-08-14T10:29:56","modified_gmt":"2025-08-14T13:29:56","slug":"septima-bag-in-box","status":"publish","type":"product","link":"https:\/\/vinosycosas.com\/index.php\/product\/septima-bag-in-box\/","title":{"rendered":"S\u00e9ptima Bag in Box"},"content":{"rendered":"<p>Disfrut\u00e1 de\u00a0<strong>S\u00e9ptima<\/strong> en un nuevo formato: <strong>Bag In Box<\/strong>.<\/p>\n<p>Es de f\u00e1cil traslado y almacenamiento. Contiene el equivalente a 4 botellas. Pr\u00e1ctico e ideal para asados con amigos.<\/p>\n<p>Brinda una \u00f3ptima conservaci\u00f3n del producto una vez abierto.<\/p>\n","protected":false},"excerpt":{"rendered":"<p>Disfrut\u00e1 de\u00a0S\u00e9ptima en un nuevo formato: Bag In Box. Es de f\u00e1cil traslado y almacenamiento. Contiene el equivalente a 4 botellas. Pr\u00e1ctico e ideal para asados con amigos. Brinda una \u00f3ptima conservaci\u00f3n del producto una vez abierto.<\/p>\n","protected":false},"featured_media":1121,"comment_status":"open","ping_status":"closed","template":"","meta":[],"product_brand":[],"product_cat":[24],"product_tag":[],"class_list":{"0":"post-1122","1":"product","2":"type-product","3":"status-publish","4":"has-post-thumbnail","6":"product_cat-vinos","8":"first","9":"outofstock","10":"shipping-taxable","11":"purchasable","12":"product-type-variable"},"_links":{"self":[{"href":"https:\/\/vinosycosas.com\/index.php\/wp-json\/wp\/v2\/product\/1122"}],"collection":[{"href":"https:\/\/vinosycosas.com\/index.php\/wp-json\/wp\/v2\/product"}],"about":[{"href":"https:\/\/vinosycosas.com\/index.php\/wp-json\/wp\/v2\/types\/product"}],"replies":[{"embeddable":true,"href":"https:\/\/vinosycosas.com\/index.php\/wp-json\/wp\/v2\/comments?post=1122"}],"wp:featuredmedia":[{"embeddable":true,"href":"https:\/\/vinosycosas.com\/index.php\/wp-json\/wp\/v2\/media\/1121"}],"wp:attachment":[{"href":"https:\/\/vinosycosas.com\/index.php\/wp-json\/wp\/v2\/media?parent=1122"}],"wp:term":[{"taxonomy":"product_brand","embeddable":true,"href":"https:\/\/vinosycosas.com\/index.php\/wp-json\/wp\/v2\/product_brand?post=1122"},{"taxonomy":"product_cat","embeddable":true,"href":"https:\/\/vinosycosas.com\/index.php\/wp-json\/wp\/v2\/product_cat?post=1122"},{"taxonomy":"product_tag","embeddable":true,"href":"https:\/\/vinosycosas.com\/index.php\/wp-json\/wp\/v2\/product_tag?post=1122"}],"curies":[{"name":"wp","href":"https:\/\/api.w.org\/{rel}","templated":true}]}}