{"id":1146,"date":"2024-09-18T10:30:20","date_gmt":"2024-09-18T13:30:20","guid":{"rendered":"https:\/\/vinosycosas.com\/?post_type=product&#038;p=1146"},"modified":"2025-01-02T10:54:30","modified_gmt":"2025-01-02T13:54:30","slug":"finca-wayta","status":"publish","type":"product","link":"https:\/\/vinosycosas.com\/index.php\/product\/finca-wayta\/","title":{"rendered":"Finca Wayta"},"content":{"rendered":"<h4>Finca Wayta<\/h4>\n<p>En Finca Wayta, cultivamos nuestras uvas siguiendo pr\u00e1cticas 100% org\u00e1nicas. Creemos que la verdadera calidad se logra respetando la naturaleza y evitando el uso de qu\u00edmicos. Nuestros vinos reflejan la pureza del terroir mendocino y el esfuerzo por mantener una tradici\u00f3n vitivin\u00edcola responsable y sostenible.<\/p>\n<h4>Finca Wayta &#8211; Varietales<\/h4>\n<p>Vinos j\u00f3venes que se caracterizan por su frescura y pureza, elaborados en tanques de acero inoxidable sin contacto con roble, con poca intervenci\u00f3n, con un enfoque natural de cada varietal.<\/p>\n","protected":false},"excerpt":{"rendered":"<p>Finca Wayta En Finca Wayta, cultivamos nuestras uvas siguiendo pr\u00e1cticas 100% org\u00e1nicas. Creemos que la verdadera calidad se logra respetando la naturaleza y evitando el uso de qu\u00edmicos. Nuestros vinos reflejan la pureza del terroir mendocino y el esfuerzo por mantener una tradici\u00f3n vitivin\u00edcola responsable y sostenible. Finca Wayta &#8211; Varietales Vinos j\u00f3venes que se [&hellip;]<\/p>\n","protected":false},"featured_media":1151,"comment_status":"open","ping_status":"closed","template":"","meta":[],"product_brand":[],"product_cat":[88,24],"product_tag":[],"class_list":{"0":"post-1146","1":"product","2":"type-product","3":"status-publish","4":"has-post-thumbnail","6":"product_cat-organico","7":"product_cat-vinos","9":"first","10":"instock","11":"shipping-taxable","12":"purchasable","13":"product-type-variable"},"_links":{"self":[{"href":"https:\/\/vinosycosas.com\/index.php\/wp-json\/wp\/v2\/product\/1146"}],"collection":[{"href":"https:\/\/vinosycosas.com\/index.php\/wp-json\/wp\/v2\/product"}],"about":[{"href":"https:\/\/vinosycosas.com\/index.php\/wp-json\/wp\/v2\/types\/product"}],"replies":[{"embeddable":true,"href":"https:\/\/vinosycosas.com\/index.php\/wp-json\/wp\/v2\/comments?post=1146"}],"wp:featuredmedia":[{"embeddable":true,"href":"https:\/\/vinosycosas.com\/index.php\/wp-json\/wp\/v2\/media\/1151"}],"wp:attachment":[{"href":"https:\/\/vinosycosas.com\/index.php\/wp-json\/wp\/v2\/media?parent=1146"}],"wp:term":[{"taxonomy":"product_brand","embeddable":true,"href":"https:\/\/vinosycosas.com\/index.php\/wp-json\/wp\/v2\/product_brand?post=1146"},{"taxonomy":"product_cat","embeddable":true,"href":"https:\/\/vinosycosas.com\/index.php\/wp-json\/wp\/v2\/product_cat?post=1146"},{"taxonomy":"product_tag","embeddable":true,"href":"https:\/\/vinosycosas.com\/index.php\/wp-json\/wp\/v2\/product_tag?post=1146"}],"curies":[{"name":"wp","href":"https:\/\/api.w.org\/{rel}","templated":true}]}}