{"id":1164,"date":"2024-09-18T12:25:06","date_gmt":"2024-09-18T15:25:06","guid":{"rendered":"https:\/\/vinosycosas.com\/?post_type=product&#038;p=1164"},"modified":"2024-09-18T12:25:30","modified_gmt":"2024-09-18T15:25:30","slug":"sheridans","status":"publish","type":"product","link":"https:\/\/vinosycosas.com\/index.php\/product\/sheridans\/","title":{"rendered":"Sheridan&#8217;s"},"content":{"rendered":"<p>Su botella innovadora e impactante y el m\u00e1gico ritual que supone servir Sheridan\u2019s en copa, le convierten en una bebida \u00fanica, reforzando su car\u00e1cter diferenciador, alcanzando la m\u00e1xima satisfacci\u00f3n del consumidor.<\/p>\n<p>Gracias al tap\u00f3n dosificador se sirven los dos licores a la vez y en las proporciones exactas, quedando el licor blanco sobre el negro sin mezclarse en una proporci\u00f3n de 1\/3 blanco sobre 2\/3 negro, consiguiendo una impactante apariencia visual al servirlo en copa.<\/p>\n","protected":false},"excerpt":{"rendered":"<p>Sheridan\u2019s Licor\u00a0es un exquisito y delicioso licor doble, totalmente natural compuesto de crema de vainilla y caf\u00e9 y chocolate con base de whisky irland\u00e9s envejecido.<\/p>\n","protected":false},"featured_media":1162,"comment_status":"open","ping_status":"closed","template":"","meta":[],"product_brand":[],"product_cat":[53,79],"product_tag":[],"class_list":{"0":"post-1164","1":"product","2":"type-product","3":"status-publish","4":"has-post-thumbnail","6":"product_cat-destilados","7":"product_cat-licor-destilados","9":"first","10":"instock","11":"shipping-taxable","12":"purchasable","13":"product-type-simple"},"_links":{"self":[{"href":"https:\/\/vinosycosas.com\/index.php\/wp-json\/wp\/v2\/product\/1164"}],"collection":[{"href":"https:\/\/vinosycosas.com\/index.php\/wp-json\/wp\/v2\/product"}],"about":[{"href":"https:\/\/vinosycosas.com\/index.php\/wp-json\/wp\/v2\/types\/product"}],"replies":[{"embeddable":true,"href":"https:\/\/vinosycosas.com\/index.php\/wp-json\/wp\/v2\/comments?post=1164"}],"wp:featuredmedia":[{"embeddable":true,"href":"https:\/\/vinosycosas.com\/index.php\/wp-json\/wp\/v2\/media\/1162"}],"wp:attachment":[{"href":"https:\/\/vinosycosas.com\/index.php\/wp-json\/wp\/v2\/media?parent=1164"}],"wp:term":[{"taxonomy":"product_brand","embeddable":true,"href":"https:\/\/vinosycosas.com\/index.php\/wp-json\/wp\/v2\/product_brand?post=1164"},{"taxonomy":"product_cat","embeddable":true,"href":"https:\/\/vinosycosas.com\/index.php\/wp-json\/wp\/v2\/product_cat?post=1164"},{"taxonomy":"product_tag","embeddable":true,"href":"https:\/\/vinosycosas.com\/index.php\/wp-json\/wp\/v2\/product_tag?post=1164"}],"curies":[{"name":"wp","href":"https:\/\/api.w.org\/{rel}","templated":true}]}}