{"id":1273,"date":"2024-10-24T12:19:55","date_gmt":"2024-10-24T15:19:55","guid":{"rendered":"https:\/\/vinosycosas.com\/?post_type=product&#038;p=1273"},"modified":"2024-10-24T12:20:25","modified_gmt":"2024-10-24T15:20:25","slug":"copa-cristal-bohemia-loxia-espumante","status":"publish","type":"product","link":"https:\/\/vinosycosas.com\/index.php\/product\/copa-cristal-bohemia-loxia-espumante\/","title":{"rendered":"Copa Cristal Bohemia Loxia Espumante"},"content":{"rendered":"<p>Capacidad de 200 ml, perfecta para servir champagne. Su dise\u00f1o fr\u00e1gil y sofisticado a\u00f1ade un toque de distinci\u00f3n a cualquier mesa. Adem\u00e1s, son aptas para lavavajillas, lo que facilita su limpieza. Es una excelente opci\u00f3n para quienes buscan calidad y estilo en su cristaler\u00eda. Marca: Bohemia, Origen: Rep\u00fablica Checa.<\/p>\n","protected":false},"excerpt":{"rendered":"<p class=\"ui-pdp-title\">Copa Cristal Bohemia Champagne Crystalite Loxia<\/p>\n","protected":false},"featured_media":1275,"comment_status":"open","ping_status":"closed","template":"","meta":[],"product_brand":[],"product_cat":[81],"product_tag":[],"class_list":{"0":"post-1273","1":"product","2":"type-product","3":"status-publish","4":"has-post-thumbnail","6":"product_cat-cristal","8":"first","9":"instock","10":"shipping-taxable","11":"purchasable","12":"product-type-simple"},"_links":{"self":[{"href":"https:\/\/vinosycosas.com\/index.php\/wp-json\/wp\/v2\/product\/1273"}],"collection":[{"href":"https:\/\/vinosycosas.com\/index.php\/wp-json\/wp\/v2\/product"}],"about":[{"href":"https:\/\/vinosycosas.com\/index.php\/wp-json\/wp\/v2\/types\/product"}],"replies":[{"embeddable":true,"href":"https:\/\/vinosycosas.com\/index.php\/wp-json\/wp\/v2\/comments?post=1273"}],"wp:featuredmedia":[{"embeddable":true,"href":"https:\/\/vinosycosas.com\/index.php\/wp-json\/wp\/v2\/media\/1275"}],"wp:attachment":[{"href":"https:\/\/vinosycosas.com\/index.php\/wp-json\/wp\/v2\/media?parent=1273"}],"wp:term":[{"taxonomy":"product_brand","embeddable":true,"href":"https:\/\/vinosycosas.com\/index.php\/wp-json\/wp\/v2\/product_brand?post=1273"},{"taxonomy":"product_cat","embeddable":true,"href":"https:\/\/vinosycosas.com\/index.php\/wp-json\/wp\/v2\/product_cat?post=1273"},{"taxonomy":"product_tag","embeddable":true,"href":"https:\/\/vinosycosas.com\/index.php\/wp-json\/wp\/v2\/product_tag?post=1273"}],"curies":[{"name":"wp","href":"https:\/\/api.w.org\/{rel}","templated":true}]}}