{"id":993,"date":"2024-08-27T09:55:33","date_gmt":"2024-08-27T12:55:33","guid":{"rendered":"https:\/\/vinosycosas.com\/?post_type=product&#038;p=993"},"modified":"2025-04-10T11:50:28","modified_gmt":"2025-04-10T14:50:28","slug":"escorihuela-gascon-gran-reserva","status":"publish","type":"product","link":"https:\/\/vinosycosas.com\/index.php\/product\/escorihuela-gascon-gran-reserva\/","title":{"rendered":"Escorihuela Gasc\u00f3n Gran Reserva"},"content":{"rendered":"<h4>Escorihuela Gasc\u00f3n<\/h4>\n<p>En 1884 Don Miguel Escorihuela Gasc\u00f3n, hombre muy visionario y de gran tes\u00f3n, dio origen en Mendoza a una de las empresas vitivin\u00edcolas de mayor prestigio de la Rep\u00fablica Argentina: Establecimientos Vitivin\u00edcolas Escorihuela.<\/p>\n<p>Desde la primera hora, su objetivo fue lograr vinos de m\u00e1xima calidad. Por ello, siempre se tuvo muy en cuenta la elecci\u00f3n y cuidado de los cepajes, la elaboraci\u00f3n bajo m\u00e9todos artesanales y la permanente incorporaci\u00f3n de tecnolog\u00eda, con un equipo de calificados profesionales argentinos y el asesoramiento de reconocidos en\u00f3logos y t\u00e9cnicos extranjeros, que permiten mantener un alto nivel de calidad internacional. De este modo, la bodega se fue desarrollando a trav\u00e9s del tiempo, logrando que sus productos ocuparan en forma permanente un lugar de privilegio en el mercado nacional e internacional, con un alto grado de fidelidad del consumidor, que los ha adoptado en forma definitiva.<\/p>\n<p>Hoy, con m\u00e1s de 130 a\u00f1os innovando en vinos de m\u00e1xima calidad, Escorihuela Gasc\u00f3n es l\u00edder en la elaboraci\u00f3n de vinos Premium y de Alta Gama y una de las 10 bodegas exportadoras m\u00e1s importantes.<\/p>\n","protected":false},"excerpt":{"rendered":"<p>Escorihuela Gasc\u00f3n En 1884 Don Miguel Escorihuela Gasc\u00f3n, hombre muy visionario y de gran tes\u00f3n, dio origen en Mendoza a una de las empresas vitivin\u00edcolas de mayor prestigio de la Rep\u00fablica Argentina: Establecimientos Vitivin\u00edcolas Escorihuela. Desde la primera hora, su objetivo fue lograr vinos de m\u00e1xima calidad. Por ello, siempre se tuvo muy en cuenta [&hellip;]<\/p>\n","protected":false},"featured_media":996,"comment_status":"open","ping_status":"closed","template":"","meta":[],"product_brand":[],"product_cat":[74,24],"product_tag":[],"class_list":{"0":"post-993","1":"product","2":"type-product","3":"status-publish","4":"has-post-thumbnail","6":"product_cat-escorihuela-gascon","7":"product_cat-vinos","9":"first","10":"instock","11":"shipping-taxable","12":"purchasable","13":"product-type-variable"},"_links":{"self":[{"href":"https:\/\/vinosycosas.com\/index.php\/wp-json\/wp\/v2\/product\/993"}],"collection":[{"href":"https:\/\/vinosycosas.com\/index.php\/wp-json\/wp\/v2\/product"}],"about":[{"href":"https:\/\/vinosycosas.com\/index.php\/wp-json\/wp\/v2\/types\/product"}],"replies":[{"embeddable":true,"href":"https:\/\/vinosycosas.com\/index.php\/wp-json\/wp\/v2\/comments?post=993"}],"wp:featuredmedia":[{"embeddable":true,"href":"https:\/\/vinosycosas.com\/index.php\/wp-json\/wp\/v2\/media\/996"}],"wp:attachment":[{"href":"https:\/\/vinosycosas.com\/index.php\/wp-json\/wp\/v2\/media?parent=993"}],"wp:term":[{"taxonomy":"product_brand","embeddable":true,"href":"https:\/\/vinosycosas.com\/index.php\/wp-json\/wp\/v2\/product_brand?post=993"},{"taxonomy":"product_cat","embeddable":true,"href":"https:\/\/vinosycosas.com\/index.php\/wp-json\/wp\/v2\/product_cat?post=993"},{"taxonomy":"product_tag","embeddable":true,"href":"https:\/\/vinosycosas.com\/index.php\/wp-json\/wp\/v2\/product_tag?post=993"}],"curies":[{"name":"wp","href":"https:\/\/api.w.org\/{rel}","templated":true}]}}